-3)/(-9) - 32/(-3). Calculate the highest common factor of d and v.
11
Let h = 75 + -71. Calculate the greatest common factor of 1 and h.
1
Let y(n) = n**3 - 9*n**2 + 3*n - 13. Let f be y(9). What is the highest common factor of 7 and f?
7
Let s(n) = -9*n - 20. Let f be s(-5). What is the highest common divisor of 5 and f?
5
Let i = -2 + 1. Let n be i/(-2) + (-498)/(-4). Suppose -4*u = u - n. What is the greatest common divisor of u and 5?
5
Let i = 25 - 10. What is the greatest common divisor of 75 and i?
15
Let d(i) = 2*i + 30. Let l be d(-9). What is the greatest common divisor of 12 and l?
12
Let x = -68 - -103. Calculate the highest common divisor of 14 and x.
7
Let c be ((-14)/(-3))/(1/15). Suppose -29*m + 32*m - 30 = 0. Calculate the highest common factor of m and c.
10
Let z = -89 - -151. Suppose -2*v = -2*b - 330, 5*v + 3*b + 0*b = 841. Let i = v - z. Calculate the greatest common factor of i and 15.
15
Let k be 1*-1*(8 - 138). Calculate the greatest common divisor of 13 and k.
13
Suppose 4*l - 11 = 2*o - 1, -2*l = o - 7. Let x be (-6)/(-2) - (2 - l). Calculate the highest common factor of x and 1.
1
Let a be 1/4 - 309/(-12). Suppose 4*i - 20 = 0, -5*z = -2*i - i + 5. Let p be z/(-10) + 326/5. Calculate the highest common divisor of p and a.
13
Let u(f) = -f**2 - 4*f + 5. Let l be u(-5). Suppose 0*a - 176 = -3*p + a, l = -a + 4. Calculate the greatest common divisor of p and 24.
12
Let x(r) = -r. Suppose -2*i - 2*w = 14, -4*i = -3*i - 4*w - 13. Let b be x(i). What is the highest common factor of b and 6?
3
Let d(l) = l**2 - 2*l + 5. Let v be d(4). Suppose -2*a - 5 = -83. What is the highest common divisor of a and v?
13
Let o be (24/10)/(6/280). Let l be (-6)/(-9) + (120/9)/1. What is the greatest common factor of l and o?
14
Let m = 15 - 5. Suppose 0*k = 5*k - m. Suppose i - 49 = -3*j, 0 = j - k*i + 3 - 17. What is the highest common factor of 176 and j?
16
Suppose 5*b - 12 = b. Calculate the greatest common divisor of 6 and b.
3
Suppose 0 = -4*f + f - 9. Let m be 44/3 + (-1)/f. Let z(t) = t**2 + 14. Let l be z(11). Calculate the greatest common divisor of l and m.
15
Let f = 6 - 5. Suppose 3*r + f = 4. What is the greatest common divisor of r and 4?
1
Let o(h) = -h - 2. Let q be o(-7). Suppose -q*c + 73 + 2 = 0. Suppose 0 = -2*d + 2*v + 32, 4*v + 62 = 4*d + 2*v. What is the highest common factor of c and d?
15
Let s = 7 - 17. Let m be s/(-4)*156/15. Suppose -m = -4*c + 18. Calculate the highest common divisor of c and 22.
11
Suppose -6 = 6*r + 30. Let n(b) = -3*b - 7. Let t be n(r). Calculate the highest common divisor of 55 and t.
11
Let v(o) = -2*o**3 - 4*o**2 - 4*o. Let j be v(-3). Let x be (-2 + 11)/((-3)/(-2)). Calculate the highest common divisor of x and j.
6
Let d be 2 + -6 + 2 + 5. Suppose -3 = -w - 5*j, j + 44 = 5*w - d*j. What is the highest common factor of w and 32?
8
Let w(m) = m**3 + 8*m**2 + 6*m - 5. Let r be w(-7). Suppose -12 = -2*y - r. Suppose 0*g = -y*g + 40. Calculate the highest common factor of 24 and g.
8
Let k be (-1287)/(-65)*((-8)/(-6) + 2). What is the greatest common factor of k and 44?
22
Let f(s) = -4 - 2*s + 1 + 5 + 4. Let b be f(-12). What is the greatest common factor of b and 75?
15
Let l = -129 + 281. Calculate the greatest common factor of l and 19.
19
Suppose -g - 5*q + 112 + 33 = 0, -109 = -g + 4*q. What is the greatest common factor of 25 and g?
25
Let z = 22 - 13. Suppose -4*k - 41 = -3*u + 148, -5*u + 315 = -k. Calculate the highest common factor of u and z.
9
Suppose 0 = 2*z - 0 - 6. Suppose 2*d - 4 = y, -y - 3 + 14 = 3*d. Suppose d*w + 9 = 4*w. What is the highest common divisor of z and w?
3
Suppose -6*p = -2*p + 16. Let v be (-1)/(2/p) - -16. Let m = -30 + 42. Calculate the greatest common divisor of m and v.
6
Suppose 0 = -5*g + 3*d + 3, -3*g + 0*d = d - 13. Suppose 0 = k + g*k - 32. Calculate the highest common divisor of k and 56.
8
Let k be 367/2 + (9 - (-187)/(-22)). Let p = 77 - 54. Calculate the greatest common divisor of k and p.
23
Let h = -58 + 83. What is the greatest common factor of h and 175?
25
Suppose 3*u = 5*u - 4, 0 = -2*v + 5*u - 16. Let m be (33 - v)/((-1)/(-4)). Calculate the greatest common factor of 18 and m.
18
Suppose -10*u + 57 = -123. What is the highest common divisor of u and 48?
6
Let b(o) = o + 45. Let q be b(-15). Calculate the highest common divisor of q and 5.
5
Suppose 3*x = -2*n - 0*n - 3, -2*x - 3 = n. Let r be x/(-6) - 21/(-2). What is the greatest common divisor of r and 55?
11
Suppose 2*v + 0*v - 18 = 0. Let f(q) = 24*q + 1. Let a be f(6). Let x = 208 - a. Calculate the highest common divisor of v and x.
9
Let p(a) = a**2 - 5*a - 14. Let z be p(12). Suppose 2*b + z = 7*b. Calculate the greatest common factor of b and 42.
14
Let x = 60 - 43. Let j(d) = d**3 - 5*d**2 - 6*d. Let u be j(6). Suppose u*k - 170 = -5*k. What is the greatest common factor of x and k?
17
Let c(y) = -y**2 - y. Let q(d) = 10*d**2 + 2*d. Let s(u) = 3*c(u) + q(u). Let h be s(1). What is the highest common divisor of h and 42?
6
Let s(a) = 2*a - 6. Let y be s(-5). Let t be (y/(-40))/((-2)/(-320)). What is the greatest common factor of 8 and t?
8
Let l(x) = 2*x + 48. Let h be l(8). Calculate the greatest common factor of 8 and h.
8
Let u = -318 + 348. Suppose -29 = -5*b + 121. Calculate the greatest common factor of u and b.
30
Suppose 0 = -2*v - 3*o + 60, 5*o = -5*v + 120 + 40. Calculate the greatest common factor of 36 and v.
36
Let w be (80/(-3))/((-28)/126). What is the greatest common divisor of w and 15?
15
Let s = 6 + -21. Suppose -3*z = 9, -2*z = 5*f - 3*z + 177. Let k = s - f. Calculate the highest common divisor of k and 3.
3
Suppose -2*g = -b - 4, -4*g + 3 = 3*b + 15. Let h = b + 5. Suppose -2*v + i = 4*i - 43, 3*i = v + h. What is the greatest common divisor of v and 56?
14
Let l(z) = 181*z + 1. Let f be 4*(-3 - (-70)/8). Suppose 0 = -3*a + 5*w + f, -5*a - 1 = 2*w + 2. Let s be l(a). Calculate the highest common factor of 26 and s.
26
Let p = 51 - 17. Suppose 4*k + p = i, 0*i - 5*k - 180 = -4*i. Calculate the greatest common divisor of i and 20.
10
Let j = 38 - 23. Calculate the highest common factor of 5 and j.
5
Suppose -4*d + 0*d + 8 = 0. Suppose z + y = 15, z - d*y - 14 = -4*y. What is the greatest common factor of 40 and z?
8
Let s(t) = -5*t - 4. Let d = 4 - 2. Let m(x) = -x**2 + 2*x - 3. Let b be m(d). Let v be s(b). What is the greatest common factor of 88 and v?
11
Let w be (-27)/(-12) + 2/(-8). Suppose w = j - 0. Let s be (-6)/(((-9)/j)/3). What is the greatest common factor of 1 and s?
1
Let o(q) = -2*q**3 - 3*q**2 + q - 1. Let s be o(-3). Calculate the highest common factor of s and 161.
23
Let d(s) = 2*s**2 - 13. Let n be d(-7). What is the highest common divisor of n and 17?
17
Let u be 982/7 - 2/7. Let c be (9/2)/((-1)/(-2)). Suppose -u = 4*a - c*a. What is the greatest common factor of a and 42?
14
Suppose -9*z + 4022 = 1430. Calculate the greatest common factor of 32 and z.
32
Let t = -49 - -51. What is the highest common divisor of t and 5?
1
Let s(n) = 40*n. Suppose -3*w + 7*w = 4. Let r(a) = -a. Let v(c) = w*s(c) + 30*r(c). Let m be v(4). What is the highest common divisor of 100 and m?
20
Suppose 6 = a - 92. What is the greatest common divisor of a and 14?
14
Let u(t) = -2*t - 2. Let r be u(-6). Calculate the highest common divisor of 20 and r.
10
Suppose -317 + 118 = -5*h + g, 5*h = -5*g + 205. What is the greatest common divisor of h and 20?
20
Suppose -4*b + 1293 = -2*b - h, 3*h = 2*b - 1283. What is the greatest common factor of b and 59?
59
Suppose -a + 1 - 6 = -4*d, 4*a - 4*d - 40 = 0. Suppose 3*j - 8*j = -50. What is the greatest common factor of a and j?
5
Let f be 1/(-4)*-10*704/80. Suppose 36 = 2*a + 14. Calculate the highest common factor of a and f.
11
Let a(b) = -b**3 + 9*b**2 - 7*b - 9. Let f be a(7). Calculate the highest common divisor of 5 and f.
5
Suppose 7*h = 2*h. Suppose 3*y - 7 - 5 = h. Suppose -16 = -0*b + y*b, 3*b + 32 = 4*j. What is the greatest common factor of 20 and j?
5
Let d(p) = p**2 + 2*p - 5. Let t = -13 - -8. Let j be d(t). What is the greatest common factor of j and 15?
5
Suppose b + b - 4 = 0. Suppose y = -3*y - 16. Let f = -2 - y. Calculate the greatest common divisor of f and b.
2
Let i be ((-18)/5)/((-32)